when 592 is divided by 37?
0
Calculate the remainder when 208 is divided by 75.
58
What is the remainder when 9636 is divided by 81?
78
What is the remainder when 112 is divided by 19?
17
Calculate the remainder when 197 is divided by 11.
10
What is the remainder when 1197 is divided by 202?
187
What is the remainder when 187 is divided by 63?
61
Calculate the remainder when 4534 is divided by 1502.
28
What is the remainder when 844 is divided by 363?
118
Calculate the remainder when 87 is divided by 45.
42
Calculate the remainder when 102 is divided by 16.
6
Calculate the remainder when 54 is divided by 25.
4
Calculate the remainder when 3871 is divided by 11.
10
Calculate the remainder when 773 is divided by 43.
42
What is the remainder when 503 is divided by 107?
75
Calculate the remainder when 747 is divided by 104.
19
What is the remainder when 83 is divided by 50?
33
Calculate the remainder when 375 is divided by 116.
27
What is the remainder when 209 is divided by 105?
104
What is the remainder when 927 is divided by 59?
42
Calculate the remainder when 1273 is divided by 629.
15
Calculate the remainder when 190 is divided by 8.
6
What is the remainder when 195 is divided by 57?
24
What is the remainder when 113 is divided by 12?
5
What is the remainder when 191 is divided by 14?
9
What is the remainder when 10554 is divided by 26?
24
Calculate the remainder when 898 is divided by 12.
10
What is the remainder when 1076 is divided by 98?
96
Calculate the remainder when 269 is divided by 27.
26
What is the remainder when 202 is divided by 10?
2
What is the remainder when 229 is divided by 67?
28
Calculate the remainder when 2223 is divided by 159.
156
What is the remainder when 82 is divided by 32?
18
What is the remainder when 522 is divided by 115?
62
Calculate the remainder when 60 is divided by 21.
18
Calculate the remainder when 94 is divided by 5.
4
What is the remainder when 429 is divided by 24?
21
Calculate the remainder when 342 is divided by 49.
48
What is the remainder when 419 is divided by 4?
3
What is the remainder when 17952 is divided by 57?
54
What is the remainder when 92 is divided by 10?
2
Calculate the remainder when 51 is divided by 18.
15
What is the remainder when 1413 is divided by 57?
45
What is the remainder when 64 is divided by 17?
13
What is the remainder when 7822 is divided by 24?
22
What is the remainder when 66 is divided by 29?
8
What is the remainder when 177 is divided by 9?
6
Calculate the remainder when 123 is divided by 32.
27
What is the remainder when 1478 is divided by 719?
40
What is the remainder when 2382 is divided by 51?
36
Calculate the remainder when 538 is divided by 69.
55
What is the remainder when 98 is divided by 49?
0
Calculate the remainder when 729 is divided by 64.
25
Calculate the remainder when 76 is divided by 13.
11
What is the remainder when 2106 is divided by 124?
122
Calculate the remainder when 2933 is divided by 33.
29
Calculate the remainder when 114 is divided by 28.
2
Calculate the remainder when 60 is divided by 7.
4
What is the remainder when 988 is divided by 326?
10
Calculate the remainder when 834 is divided by 140.
134
Calculate the remainder when 71 is divided by 58.
13
Calculate the remainder when 1554 is divided by 60.
54
What is the remainder when 1314 is divided by 1267?
47
Calculate the remainder when 639 is divided by 287.
65
What is the remainder when 342 is divided by 118?
106
Calculate the remainder when 477 is divided by 153.
18
What is the remainder when 558 is divided by 155?
93
Calculate the remainder when 1508 is divided by 12.
8
What is the remainder when 1405 is divided by 22?
19
Calculate the remainder when 1073 is divided by 179.
178
What is the remainder when 192 is divided by 85?
22
Calculate the remainder when 149 is divided by 8.
5
Calculate the remainder when 1840 is divided by 17.
4
Calculate the remainder when 18 is divided by 10.
8
Calculate the remainder when 32 is divided by 17.
15
Calculate the remainder when 3111 is divided by 130.
121
Calculate the remainder when 191 is divided by 39.
35
Calculate the remainder when 250 is divided by 101.
48
What is the remainder when 1785 is divided by 198?
3
What is the remainder when 52 is divided by 8?
4
Calculate the remainder when 71 is divided by 25.
21
What is the remainder when 2363 is divided by 1175?
13
Calculate the remainder when 1437 is divided by 3.
0
What is the remainder when 1157 is divided by 53?
44
Calculate the remainder when 235 is divided by 109.
17
What is the remainder when 3704 is divided by 247?
246
What is the remainder when 1493 is divided by 301?
289
Calculate the remainder when 284 is divided by 50.
34
What is the remainder when 271 is divided by 55?
51
Calculate the remainder when 1219 is divided by 122.
121
Calculate the remainder when 171 is divided by 43.
42
What is the remainder when 2037 is divided by 40?
37
What is the remainder when 470 is divided by 36?
2
Calculate the remainder when 5586 is divided by 329.
322
Calculate the remainder when 1096 is divided by 108.
16
What is the remainder when 86 is divided by 18?
14
What is the remainder when 310 is divided by 98?
16
Calculate the remainder when 453 is divided by 217.
19
What is the remainder when 2950 is divided by 226?
12
What is the remainder when 135 is divided by 34?
33
Calculate the remainder when 121 is divided by 60.
1
What is the remainder when 573 is divided by 64?
61
Calculate the remainder when 7974 is divided by 101.
96
Calculate the remainder when 33 is divided by 3.
0
Calculate the remainder when 638 is divided by 104.
14
Calculate the remainder when 466 is divided by 78.
76
Calculate the remainder when 205 is divided by 61.
22
What is the remainder when 1772 is divided by 25?
22
Calculate the remainder when 48 is divided by 25.
23
What is the remainder when 61 is divided by 13?
9
Calculate the remainder when 593 is divided by 17.
15
Calculate the remainder when 123 is divided by 28.
11
Calculate the remainder when 62 is divided by 9.
8
What is the remainder when 208 is divided by 101?
6
What is the remainder when 2349 is divided by 25?
24
Calculate the remainder when 1556 is divided by 12.
8
What is the remainder when 60 is divided by 29?
2
Calculate the remainder when 19426 is divided by 127.
122
What is the remainder when 42 is divided by 7?
0
Calculate the remainder when 1289 is divided by 25.
14
What is the remainder when 116 is divided by 46?
24
What is the remainder when 274 is divided by 14?
8
Calculate the remainder when 10 is divided by 4.
2
What is the remainder when 1797 is divided by 58?
57
Calculate the remainder when 236 is divided by 12.
8
What is the remainder when 10 is divided by 3?
1
What is the remainder when 177 is divided by 100?
77
What is the remainder when 62 is divided by 22?
18
What is the remainder when 6322 is divided by 275?
272
What is the remainder when 266 is divided by 67?
65
Calculate the remainder when 755 is divided by 55.
40
Calculate the remainder when 400 is divided by 68.
60
What is the remainder when 64 is divided by 5?
4
Calculate the remainder when 325 is divided by 144.
37
What is the remainder when 636 is divided by 13?
12
Calculate the remainder when 71 is divided by 18.
17
Calculate the remainder when 554 is divided by 6.
2
What is the remainder when 211 is divided by 135?
76
Calculate the remainder when 57 is divided by 30.
27
Calculate the remainder when 226 is divided by 47.
38
What is the remainder when 77 is divided by 16?
13
What is the remainder when 2375 is divided by 44?
43
What is the remainder when 186 is divided by 15?
6
What is the remainder when 438 is divided by 65?
48
Calculate the remainder when 235 is divided by 55.
15
What is the remainder when 1175 is divided by 12?
11
What is the remainder when 465 is divided by 163?
139
What is the remainder when 2494 is divided by 227?
224
What is the remainder when 1329 is divided by 38?
37
Calculate the remainder when 60 is divided by 29.
2
Calculate the remainder when 443 is divided by 43.
13
What is the remainder when 804 is divided by 13?
11
Calculate the remainder when 1437 is divided by 224.
93
Calculate the remainder when 773 is divided by 27.
17
Calculate the remainder when 61